m(-1).
-1
Let v(a) = -a**2 + 6. Give v(0).
6
Let b(r) = r**2 + 3*r + 9. Calculate b(-6).
27
Let i(u) = -12*u + 67. Give i(6).
-5
Let l(f) = -36*f + 531. Calculate l(15).
-9
Let m(i) = 56*i + 33. What is m(-3)?
-135
Let c(h) = -h**3 + 7*h**2 - 9*h - 1. What is c(4)?
11
Let n(b) = -2*b - 24. Calculate n(-10).
-4
Let n(g) = g**2 - 15*g - 11. Give n(15).
-11
Let t(y) = 11*y + 45. Calculate t(-3).
12
Let f(p) = -2*p - 4. Calculate f(3).
-10
Let w(g) = -g + 10. Determine w(8).
2
Let g(u) = -u**2 - 13*u + 8. Calculate g(-12).
20
Let m(z) = z**3 + 6*z**2 - 7*z - 23. Determine m(-7).
-23
Let s(m) = -9*m - 30. Calculate s(-3).
-3
Let s(c) = c**2 + 7*c - 7. Give s(-9).
11
Let p(w) = -24*w. What is p(-4)?
96
Let n(j) = 9*j**2 + 82*j + 13. What is n(-9)?
4
Let l(h) = 30*h**3 - 3*h + 2. Give l(1).
29
Let b(r) = -r**3 - 20*r**2 - 2*r + 3. Give b(-20).
43
Let m(b) = 4*b + 22. Determine m(-7).
-6
Let k(c) = -c**3 - 12*c**2 - 25*c - 12. What is k(-10)?
38
Let j(q) = q**3 + 11*q**2 - q - 10. Give j(-11).
1
Let r(t) = -t**2 - 12*t + 19. Determine r(-13).
6
Let k(s) = -3*s - 4. Give k(0).
-4
Let p(n) = -10*n + 126. Determine p(13).
-4
Let i(n) = n**3 + 14*n**2 + 13*n - 11. Determine i(-13).
-11
Let d(p) = 2*p - 12. Calculate d(9).
6
Let b(m) = -2*m**3 - m**2 - 3*m - 3. Give b(0).
-3
Let v(j) = -2*j - 9. Give v(-10).
11
Let t(l) = -5*l + 13. What is t(6)?
-17
Let q(u) = 5*u**3 + u**2 + u + 1. Give q(2).
47
Let h(f) = -f**3 + 5*f**2 - 4*f - 5. Give h(4).
-5
Let u(c) = c**3 - 2*c. Give u(-4).
-56
Let w(m) = -m**3 + 14*m**2 - 18*m - 47. Determine w(12).
25
Let q(v) = -8*v + 31. What is q(12)?
-65
Let m(c) = -c**3 + 23*c**2 - 22*c + 3. Give m(22).
3
Let u(w) = 2*w**2 - 23*w - 6. What is u(0)?
-6
Let u(v) = -2*v**2 + 35*v + 41. Give u(19).
-16
Let l(s) = -17*s - 143. Determine l(-8).
-7
Let q(f) = f**2 - 24*f - 54. Give q(26).
-2
Let k(z) = 3*z. Determine k(2).
6
Let k(m) = m - 1. Determine k(7).
6
Let j(w) = -5*w**2. Determine j(2).
-20
Let l(s) = -2*s - 33. Determine l(-7).
-19
Let r(d) = 3*d + 28. What is r(-21)?
-35
Let x(a) = 23*a + 14. Calculate x(2).
60
Let p(a) = a**3 + 3*a**2 - 7*a + 7. Determine p(-5).
-8
Let p(l) = l**2 + 8*l - 8. What is p(-11)?
25
Let t(b) = b + 5. Calculate t(4).
9
Let n(v) = -v**2 - 3*v + 18. What is n(3)?
0
Let o(g) = 3*g - 43. Give o(13).
-4
Let w(d) = 2*d + 4. Determine w(-5).
-6
Let p(n) = -n**2 + 14*n - 44. Calculate p(10).
-4
Let f(k) = 3*k**2 - 17*k + 16. Give f(6).
22
Let u(w) = 11*w + 4. What is u(-2)?
-18
Let g(x) = -x + 2. Calculate g(-8).
10
Let g(j) = -j**3 + 10*j**2 - 1. What is g(10)?
-1
Let i(t) = -4*t + 3. Calculate i(-5).
23
Let h(l) = -3*l**2 - 5*l - 3. Give h(-3).
-15
Let r(y) = 2*y**2 + 8*y - 11. Give r(-7).
31
Let l(j) = -5*j**2 - j + 2. Calculate l(1).
-4
Let n(l) = l**2 + 3*l - 4. Give n(3).
14
Let h(d) = 3*d + 2. Determine h(3).
11
Let r(u) = 6*u + 3. Calculate r(6).
39
Let l(y) = 16*y + 13. Determine l(0).
13
Let j(u) = -6*u**2 - 15*u - 56. Give j(-3).
-65
Let u(s) = 7*s**2 + 8. Give u(3).
71
Let i(a) = -2*a - 64. Calculate i(0).
-64
Let c(k) = -k**2 + 2*k + 1. What is c(-1)?
-2
Let f(u) = 8*u + 44. Give f(-6).
-4
Let r(a) = -a**2 + a + 33. Give r(6).
3
Let q(r) = r - 32. Give q(11).
-21
Let b(f) = -f**3 + 2*f**2 + 5*f - 10. Determine b(3).
-4
Let j(r) = -r + 23. Calculate j(10).
13
Let p(l) = -l**3 - 10*l**2 - l + 3. Calculate p(-10).
13
Let o(p) = p**2 + 13*p + 34. Calculate o(-10).
4
Let q(s) = 3*s**2 + 3*s - 2. Give q(1).
4
Let t(y) = -31*y**2 + 4*y + 3. Give t(-1).
-32
Let z(g) = -g**3 + 4*g**2 + 2*g - 6. What is z(4)?
2
Let d(b) = 11*b + 82. Determine d(-6).
16
Let u(j) = j**3 + 6*j**2 + 4*j - 3. Determine u(-4).
13
Let k(g) = -g**2 - 2*g + 11. Determine k(4).
-13
Let m(g) = -15*g**3 - g**2 - 3*g - 2. Calculate m(-1).
15
Let h(q) = 3*q - 5. What is h(0)?
-5
Let d(o) = -9*o**3 + o**2 - 4*o + 1. What is d(2)?
-75
Let m(n) = 27*n + 117. Calculate m(-4).
9
Let s(b) = -b**2 - 3*b - 8. Calculate s(-4).
-12
Let u(d) = -d**3 + 2*d**2 + 9*d + 31. Determine u(5).
1
Let u(y) = -17*y + 1. Calculate u(1).
-16
Let r(n) = -5*n + 14. Give r(-8).
54
Let r(t) = -t**3 + 18*t**2 - 17*t - 1. Calculate r(17).
-1
Let k(w) = 3*w**3 + 2*w**2 - 4*w + 3. Determine k(1).
4
Let y(w) = -4*w + 29. Calculate y(6).
5
Let m(x) = x - 20. Determine m(8).
-12
Let y(w) = w**2 - 10*w - 4. Calculate y(10).
-4
Let p(f) = f**3 + f**2 + 1. Calculate p(-4).
-47
Let t(x) = x**2 + 10*x - 15. Calculate t(-14).
41
Let c(w) = w**3 + 2*w**2 - 3*w - 3. Give c(-3).
-3
Let o(m) = -m**3 - 2*m**2 + 6*m + 3. Calculate o(-3).
-6
Let g(o) = o**3 + 7*o**2 - 3*o + 18. Give g(-8).
-22
Let q(j) = j**2 - 5*j + 4. Calculate q(8).
28
Let p(r) = -2*r - 51. Give p(-21).
-9
Let v(t) = -5*t**3 + 3*t**2 - 4*t + 2. Calculate v(2).
-34
Let p(f) = -f**2 - 4. Calculate p(3).
-13
Let a(u) = -2*u**2 + 23*u + 16. What is a(12)?
4
Let y(w) = -w**2 + 30*w - 146. Calculate y(24).
-2
Let v(p) = -p - 8. Calculate v(-8).
0
Let f(x) = 3*x + 44. What is f(-21)?
-19
Let s(x) = 6*x - 7. What is s(8)?
41
Let a(o) = -173*o - 14. Give a(0).
-14
Let m(y) = 66*y + 20. What is m(-1)?
-46
Let j(x) = 5*x - 14. What is j(-2)?
-24
Let w(d) = -5*d + 31. Calculate w(7).
-4
Let q(v) = v**3 + 8*v**2 - 12*v - 4. Determine q(-9).
23
Let j(m) = 9*m - 11. Calculate j(4).
25
Let n(d) = 30*d - 275. Determine n(9).
-5
Let y(t) = -t**2 - 37*t + 131. Give y(3).
11
Let i(k) = k**3 + 9*k**2 - 1. What is i(-9)?
-1
Let c(n) = n**3 + 6*n**2 + 7*n - 4. Determine c(-4).
0
Let u(a) = -3*a**2 - 20*a. Calculate u(-7).
-7
Let h(m) = -212*m - 218. Determine h(-1).
-6
Let c(q) = -8*q + 100. Calculate c(14).
-12
Let j(h) = -2*h**3 - 11*h**2 + 6*h + 8. Give j(-6).
8
Let k(p) = p**2 - 25. Calculate k(-6).
11
Let w(j) = -j**2 - 9*j + 23. What is w(-16)?
-89
Let d(q) = q**3 + 3*q**2 - q - 4. Give d(-3).
-1
Let i(c) = c**3 - 15*c**2 + 10*c + 47. Calculate i(14).
-9
Let n(b) = 8*b - 4. What is n(4)?
28
Let p(s) = -s**3 - 6*s**2 + 5*s - 1. Give p(-6).
-31
Let s(k) = -k**2 + 49*k - 286. What is s(42)?
8
Let f(l) = -18*l - 97. What is f(-6)?
11
Let w(b) = -b**3 - 2*b**2 + 2*b - 4. What is w(-3)?
-1
Let f(h) = 2*h**2 + 3*h - 1. What is f(-2)?
1
Let z(i) = -i + 1. Determine z(-10).
11
Let r(i) = -2*i**2 - 18*i - 87. Determine r(-5).
-47
Let t(n) = -n - 2. Determine t(0).
-2
Let g(z) = -32*z + 147. What is g(5)?
-13
Let y(f) = -f - 11. Determine y(4).
-15
Let v(n) = -84*n - 165. What is v(-2)?
3
Let m(j) = j + 4. What is m(-5)?
-1
Let m(x) = -8*x. Calculate m(2).
-16
Let l(r) = -19*r**2 + 208*r + 20. Calculate l(11).
9
Let x(w) = -12*w - 2. What is x(-2)?
22
Let p(y) = -3*y**3 - 46*y**2 + 33*y - 1. What is p(-16)?
-17
Let w(k) = -5*k + 17. What is w(4)?
-3
Let c(t) = -t**2 + 15*t + 37. Determine c(16).
21
Let k(q) = -63*q + 388. What is k(6)?
10
Let a(q) = q**3 + 7*q**2 + 3*q + 10. Calculate a(-7).
-11
Let m(d) = -8*d + 8. What is m(-3)?
32
Let y(x) = -x**2 + 22*x + 128. What is y(27)?
-7
Let s(y) = y**3 + 6*y**2 - 22*y - 41. What is s(-8)?
7
Let q(x) = -x**3 + 7*x**2 - 3*x + 12. What is q(6)?
30
Let g(x) = x**3 + 12*x**2 + 11*x - 6. What is g(-11)?
-6
Let g(s) = s**3 - 17*s**2 - 3*s + 16. Give g(17).
-35
Let m(l) = -l - 52. Determine m(-18).
-34
Let o(u) = -7*u**3 - u**2 - 4*u - 2. Calculate o(-1).
8
Let s(d) = -d**3 + 28*d**2 - 12*d + 340. Give s(28).
4
Let a(c) = 5*c - 34. Calculate a(8).
6
Let a(k) = -k**2 + 20*k - 50. What is a(17)?
1
Let b(f) = f**2 - 4*f - 2. What is b(-6)?
58
Let m(j) = -j**3 - j + 8. Calculate m(4).
-60
Let w(z) = -2*z**3 - 27*z**2 + 12*z - 22. Determine w(-14).
6
Let g(m) = -m + 1. Calculate g(8).
-7
Let z(n) = -n**3 - 20*n**2 - 20*n - 10. Determine z(-19).
9
Let t(h) = h**2 + 3*h - 4. What is t(4)?
24
Let k(m) = m**2 - 15*m + 15. Give k(14).
1
Let t(y) = 6*y**2 + 4*y + 13. Calculate t(-4).
93
Let t(v) = v**2 + 14*v - 17. What is t(-13)?
-30
Let j(q) = 3*q + 10. Determine j(0).
10
Let l(b) = -4*b**2 + 33*b - 7. Give l(8).
1
Let x(v) = v**3 - 5*v**2 + 3*v - 3. Give x(4).
-7
Let d(h) = 5*h**2 + 8*h + 2. Calculate d(-3).
23
Let a(l) = 2*l - 9. What is a(-8)?
-25
Let y(x) = x**3 + 11*x**2 + 9*x - 23. Determine y(-10).
-13
Let z(n) = 12*n + 99. What is z(-9)?
-9
Let f(k) = -2*k + 3. Determine f(-2).
7
Let w(n) = -n + 8. Calculate w(-11).
19
Let j(t) = t**3 + t**2 - t + 5. Determine j(-3).
-10
Let f(i) = -9*i - 14.